7 = 3*k + 5*i. Let r be k/(-49) - (-4122)/21. Let o be (-4)/(-18) + r/9. Calculate the greatest common factor of 176 and o.
22
Let l be ((-46)/8)/(4/(-32)). Let b = -31 + l. Calculate the greatest common factor of b and 5.
5
Suppose -u + 13 = -2*d, -5*d - 15 = 5*u - 4*u. Let l(k) = -k**3 - 5*k**2 + 3*k + 7. Let w be l(-6). What is the highest common factor of w and u?
5
Let r = 37 + -22. Suppose 5*z - 3*m + 2*m = r, 4*z + m = 21. Calculate the highest common divisor of z and 10.
2
Let m be ((-172)/12)/((-3)/(9 - 0)). What is the highest common factor of 817 and m?
43
Suppose 4*m = 4*h - 588 + 1812, 3*h + 614 = 2*m. Calculate the highest common factor of 19 and m.
19
Let b = -59 - -124. Let z = 0 - -3. Suppose z*m - 33 - 6 = 0. What is the greatest common divisor of b and m?
13
Suppose -3*c + 3*g - 160 = 2*g, 3*c + 162 = 3*g. Let b = 84 + -202. Let a = c - b. What is the greatest common divisor of 13 and a?
13
Let v(h) = -17*h - 6. Let n be v(-13). Suppose -k + 4*k - 2*s - n = 0, -2*k + 4*s = -130. Let z = -30 + k. Calculate the greatest common divisor of z and 5.
5
Let p(m) = 263*m - 86. Let j be p(4). What is the greatest common divisor of j and 21?
21
Suppose -6*l + 8 = -10. Suppose -l*g - 2*v = -20, 0*g + 2*g - v = 18. Calculate the highest common divisor of 28 and g.
4
Suppose 2*p - 5*p + z + 25 = 0, 0 = -2*p - 4*z + 12. Calculate the greatest common factor of p and 512.
8
Suppose 4*z = 5*p + 11, 2*p + p + 13 = 4*z. Let k be (-32)/48 + (-32)/(-3). What is the highest common factor of z and k?
2
Let a = -66 - -110. Let x be (-16515)/(-75) - (-1)/(-5). What is the highest common factor of x and a?
44
Let z = -118 + 132. What is the greatest common factor of 8 and z?
2
Suppose i - 3 = 11. Suppose 0 = -0*b + 5*b + 4*x - i, -2*b + 4*x = 0. Calculate the highest common factor of b and 3.
1
Let r be (0 - -9)*(-140)/(-15). Suppose -2*d - r = -6*d. Calculate the greatest common divisor of d and 84.
21
Let p be (1/(-3))/(1/(-39)). Let w be (-3)/2 - p/(-2). Let v(t) = -t**3 + 4*t**2 + 7*t - 5. Let j be v(w). What is the highest common factor of j and 20?
5
Suppose 31 = d + c, 3*d - 2*c = 20 + 98. What is the highest common divisor of 300 and d?
12
Let o be (1 + -26)*12/(-20). Let n be (48/o)/((-8)/(-580)). What is the highest common divisor of 29 and n?
29
Let h(v) = -v**3 + 2*v**2 + 2*v - 3. Let t = -1 - 0. Let m be -1 + t - (-4 - -5). Let c be h(m). What is the highest common divisor of c and 12?
12
Let x(s) = -10*s - 26. Let l be x(-8). Suppose l = 4*g - 3*g. Calculate the highest common factor of 6 and g.
6
Suppose 5*n = -5*i + 155, 2*n - 29 = -3*i + 34. What is the greatest common factor of n and 330?
30
Let h = 824 - 714. Let d(m) = m**3 - 2*m**2 + 1. Let q be d(3). What is the greatest common divisor of h and q?
10
Let u = -216 - -229. Calculate the highest common divisor of 39 and u.
13
Let t(h) = -923*h + 4. Let p be t(-1). What is the greatest common factor of p and 9?
9
Let s = 201 + -196. Suppose -3 - 5 = -4*p. Let b be (p + (-23)/(-1))*1. Calculate the highest common factor of s and b.
5
Suppose 14*p + 9 = 17*p. Calculate the highest common divisor of 15 and p.
3
Suppose -b = -5*x + 9 + 1, 3*x = 9. Let l = -5 + b. Suppose 2*w - 3*z = 70, 0 = 3*w - 2*z - l - 95. What is the greatest common divisor of w and 58?
29
Let i be ((-117)/78)/((-6)/128). Calculate the highest common divisor of 400 and i.
16
Suppose -2*o - 15 = -41. Let g = 0 - -2. Let j be 137 + 5 + g/2. What is the greatest common factor of o and j?
13
Suppose 4*c + 16 = 76. Suppose -10*m + 886 = -314. Calculate the greatest common factor of m and c.
15
Let x(t) = 9*t - 31. Let d be x(4). Let c be d*1 - ((-8)/4 - -3). Calculate the greatest common divisor of 48 and c.
4
Let i(n) = 21*n - 31*n - 47 + 18*n. Let j be i(10). Calculate the greatest common factor of 22 and j.
11
Let z be (-15)/5 + (-41)/(-1). Let y = 268 + -146. Suppose 5*o = 163 + y. What is the greatest common divisor of z and o?
19
Suppose 3 = -0*d - 3*d. Let l = d + -4. Let b be 50*l*(-2)/25. Calculate the highest common factor of b and 5.
5
Suppose 5*k + 2*r + 138 = 0, k + k - r + 48 = 0. Suppose 0 = -3*j + 123 - 30. Let t = j + k. What is the highest common factor of t and 15?
5
Let y(g) = 16*g**3 - g**2 + g. Let a be y(1). Let c = -11 + a. Let k = c + 1. Calculate the greatest common divisor of k and 6.
6
Suppose 5*l = u + 278, 3*u + 71 = l + 7. What is the highest common factor of l and 3135?
55
Let l = -156 - -218. Let k = l - 38. Suppose -2*n = -4*h - 16, 3*n - 6*h + 7*h = 38. Calculate the greatest common factor of n and k.
12
Let q = -31 - -27. Let h be (-6 - 16/q) + 598. Let k = h - 211. Calculate the highest common factor of k and 35.
35
Suppose -71*r - 1262 = -5*i - 74*r, -r = -3*i + 760. Calculate the highest common divisor of 92 and i.
23
Suppose 2*j - 96 = -2*a, -a + 8*j + 23 = 4*j. What is the greatest common divisor of 43 and a?
43
Suppose 5*n + 0*n - 65 = 0. Suppose 0 = -3*c + 19 - n. Calculate the greatest common factor of c and 18.
2
Suppose 30 = 2*b + 3*b. Suppose -5*h + 2*w = -68 - 174, 238 = 5*h - 3*w. Let x = 52 - h. What is the highest common factor of x and b?
2
Let y = 636 + -441. Suppose 22*m = 26*m + 2*o - 74, -2*m - 2*o + 44 = 0. What is the greatest common divisor of m and y?
15
Suppose 429*y - 433*y + 280 = 0. What is the greatest common divisor of 175 and y?
35
Let f(b) = 8*b**2 + 3*b. Let r = 5 + -10. Let y be f(r). Suppose 4 = 3*o - y. What is the highest common factor of o and 9?
9
Suppose -43*u + 5714 = 296. What is the greatest common divisor of u and 112?
14
Suppose 8 = -9*l + 35. Suppose -l*q + 21 + 0 = 0. Calculate the highest common divisor of 35 and q.
7
Suppose 3*c = -2*z - 10 - 22, 0 = 5*z + 5. Let a(x) = x**3 + 8*x**2 - 22*x - 14. Let y be a(c). What is the greatest common factor of y and 18?
6
Suppose -9*s = -17*s + 400. What is the highest common factor of s and 70?
10
Suppose -5*k - 527 = -3*f, -k + 4*k - 2*f = -316. Let j = 156 + k. Calculate the greatest common factor of j and 20.
10
Let z be 3600/25*4/8. Calculate the greatest common divisor of 648 and z.
72
Let z be 1/(-3) + (-541)/(-3). Let p(s) = 87*s**2 + 2*s - 3. Let l be p(1). Let d = -66 + l. Calculate the highest common divisor of z and d.
20
Let k = -107 - -153. Suppose 0 = -4*b + 325 - 49. What is the highest common factor of b and k?
23
Let i(m) = 13*m - 13*m**2 + 13 + 13*m**3 - 45*m - 14*m**3. Let j be i(-10). What is the greatest common divisor of j and 99?
33
Suppose -9 = -3*m + 9. Suppose l + 0*l = m. Suppose -8*g = -82 - l. Calculate the highest common factor of 44 and g.
11
Suppose 2*h - 3*h + 47 = 4*b, -2*b = 4*h - 132. Calculate the greatest common factor of h and 589.
31
Suppose a - 1331 = 12*a. Let q = a - -136. Calculate the greatest common factor of q and 135.
15
Suppose -3*r + 18 = x, -77*r - 22 = -81*r - 2*x. What is the highest common factor of r and 77?
7
Let t = 33 + -25. Let q be 3*t/3 - 2. Suppose q*m - 2*m = 24. Calculate the greatest common factor of 66 and m.
6
Let h = -4 + -15. Suppose -3*f - 2*c + 23 + 78 = 0, 4*c + 62 = 2*f. Let o = h + f. What is the greatest common factor of o and 70?
14
Let u(p) = -p. Let d be u(-5). Suppose 4*y - x - 4*x - 25 = 0, -5*y - x = 5. Suppose y*c + 4*c = 220. Calculate the highest common divisor of c and d.
5
Suppose -y - 2*j = 6, 2*y - 2 - 2 = 4*j. Let k(v) = -50*v - 1. Let n be k(y). Calculate the highest common divisor of n and 11.
11
Let g = -1903 - -2002. Calculate the greatest common factor of 144 and g.
9
Let m(r) = 81*r**3 + r**2 + r - 1. Let v be m(1). Let i = 117 - v. Calculate the highest common divisor of 105 and i.
35
Let c = 306 - 187. Let r = c + -118. What is the greatest common factor of r and 4?
1
Suppose 2*s - 132 = -2*s. Let b = 43 - 41. Let k be (-8 + 0)/b - 13*-2. Calculate the greatest common factor of s and k.
11
Let f be (10/(-10))/(5/(-1185)). Calculate the highest common divisor of f and 3.
3
Let q(p) = -29*p - 20. Let l be q(-5). Calculate the greatest common divisor of l and 200.
25
Let y(p) = -4 + 4 + 2*p**2 + 2*p**2 - 2*p. Let r be y(2). Let a be -7*(-3 - r/28). Calculate the greatest common factor of 36 and a.
12
Let g(u) = -3*u**2 + 23*u - 10. Let t be g(4). Calculate the greatest common factor of t and 578.
34
